2).
4
Let m(v) = -v**3 + 3*v**2 + v - 8. Calculate m(-2).
10
Let h(z) = z**3 + 5*z**2 + z - 5. Determine h(-5).
-10
Let f(c) = -c**3 + 28*c**2 - 8. What is f(28)?
-8
Let l(q) = -15*q - 13. Give l(-3).
32
Let b(v) = -14*v + 222. What is b(15)?
12
Let i(j) = -j - 19. Determine i(-8).
-11
Let x(k) = 2*k + 1. Calculate x(-3).
-5
Let u(f) = f**2 - 5*f - 3. What is u(-5)?
47
Let l(b) = -2*b**3 + 4*b**2 + b - 2. What is l(3)?
-17
Let a(o) = -12*o**3 - 2*o**2 - o. Determine a(-1).
11
Let o(h) = -h**3 - 5*h**2 - 6*h + 3. Determine o(-5).
33
Let l(h) = 9*h + 62. What is l(-6)?
8
Let l(t) = -11*t + 7. What is l(4)?
-37
Let t(x) = -40*x**2 + x + 2. Determine t(-1).
-39
Let p(w) = -w - 22. Calculate p(-6).
-16
Let v(t) = -t**2 - 18*t - 27. Give v(-18).
-27
Let a(z) = 3*z + 6. What is a(-6)?
-12
Let m(n) = 3*n - 4. What is m(4)?
8
Let n(c) = -c**3 - 27*c**2 + 26*c - 63. Determine n(-28).
-7
Let l(t) = -t**2 - 15*t - 29. Give l(-13).
-3
Let d(u) = 2*u - 5. Calculate d(3).
1
Let s(q) = q**3 - 23*q**2 + 41*q + 16. What is s(21)?
-5
Let w(k) = 2*k**2 + 16*k - 19. Calculate w(-9).
-1
Let v(y) = y**2 - 23*y - 4. What is v(23)?
-4
Let o(t) = 2*t + 27. What is o(-12)?
3
Let d(l) = -l**2 - 17*l - 64. Determine d(-5).
-4
Let n(a) = -2*a - 43. Calculate n(-18).
-7
Let f(g) = -9*g**2 + 6*g - 2. What is f(-1)?
-17
Let f(c) = -9*c - 1. What is f(6)?
-55
Let g(k) = -3*k + 22. Give g(6).
4
Let v(g) = -g**2 - 5*g + 5. Give v(4).
-31
Let t(i) = -i**2 + 35. Calculate t(0).
35
Let j(g) = -5*g - 5. What is j(0)?
-5
Let d(q) = -q**2 + 18*q + 6. Calculate d(6).
78
Let k(z) = 4*z**3 + 2*z**2 + 3*z + 2. Calculate k(-1).
-3
Let c(z) = -z**2 - 36*z - 35. Calculate c(-35).
0
Let i(j) = j**3 + 2*j**2 - 4*j - 1. What is i(2)?
7
Let c(g) = -2*g**2 + 7*g + 8. Determine c(0).
8
Let k(p) = p**3 - 8*p**2 - 6*p - 19. Give k(9).
8
Let w(j) = 4*j + 6. Give w(0).
6
Let y(s) = s**3 - 2*s**2 - s + 11. What is y(5)?
81
Let y(b) = -b**3 - 20*b**2 - 76*b - 22. Give y(-15).
-7
Let i(h) = 19*h**2 + 2*h - 2. Give i(1).
19
Let p(n) = -3*n**2 - 2*n - 2. Calculate p(4).
-58
Let g(n) = -3*n**2 + 3*n + 2. What is g(3)?
-16
Let z(d) = d**3 + 33*d**2 - 33*d + 42. Give z(-34).
8
Let u(f) = f**3 + 9*f**2 - 13*f + 8. Give u(-10).
38
Let v(g) = 11*g - 33. Calculate v(3).
0
Let c(z) = z**3 - 26*z**2 + 26*z - 13. What is c(25)?
12
Let n(v) = 13*v + 4. Give n(1).
17
Let g(z) = 3*z - 12. Determine g(8).
12
Let y(v) = 2*v**3 + 2*v**2 - 8*v - 5. Calculate y(2).
3
Let j(r) = -r**2 - 9*r + 77. Give j(6).
-13
Let q(d) = -d**3 - 27*d**2 - 3*d - 69. What is q(-27)?
12
Let h(f) = -9*f + 8. Give h(9).
-73
Let p(l) = l**3 - 3*l**2 - 31*l - 4. Determine p(-4).
8
Let d(k) = -k**3 + 7*k**2 - 10*k. Give d(2).
0
Let i(z) = z**2 - 5*z - 3. Give i(5).
-3
Let b(j) = -j**2 - 24*j + 37. Calculate b(-26).
-15
Let l(u) = 2*u**2 - 11*u + 19. What is l(2)?
5
Let g(p) = -p + 7. Give g(13).
-6
Let j(y) = y**3 - 5*y**2 - 11*y - 22. What is j(7)?
-1
Let b(n) = -8*n - 2. Determine b(1).
-10
Let g(t) = t**3 - 9*t**2 + 15*t + 8. Determine g(6).
-10
Let m(a) = 6*a**2 + 7*a + 16. Determine m(-2).
26
Let n(h) = -3*h**2 + 81*h - 29. Give n(26).
49
Let i(f) = f**3 - 34*f**2 + 31*f + 60. Give i(33).
-6
Let f(c) = -2*c**2 - 2*c - 2. Give f(0).
-2
Let z(t) = t**2 + 4*t - 10. Determine z(-8).
22
Let u(h) = -26*h + 242. Determine u(9).
8
Let p(a) = a**2 + 7*a - 30. What is p(-10)?
0
Let z(c) = c**3 - 3*c**2 + 4*c - 5. Give z(5).
65
Let p(c) = -c - 24. Determine p(0).
-24
Let a(b) = -b**2 + 15*b + 26. Calculate a(17).
-8
Let f(t) = -50*t + 30. What is f(2)?
-70
Let s(f) = -2*f + 76. Calculate s(36).
4
Let a(n) = 2*n**3 - 6*n**2 - n - 1. Give a(3).
-4
Let c(x) = -5*x**2 - 5*x + 3. What is c(3)?
-57
Let r(g) = 2*g + 2. Calculate r(-16).
-30
Let s(j) = -j**3 - 2*j**2 + 5*j + 1. Calculate s(-4).
13
Let s(l) = 7*l**2 - 8*l + 9. Determine s(5).
144
Let a(x) = -x**2 + 9*x - 43. Determine a(6).
-25
Let x(w) = -2*w**3 - 5*w**2 - 2*w + 6. What is x(-2)?
6
Let y(r) = -23*r - 3. What is y(2)?
-49
Let t(r) = -r**3 + 11*r**2 - 9*r - 18. Give t(8).
102
Let i(o) = 6*o**2 - 3*o - 4. What is i(-1)?
5
Let d(p) = -3*p - 9. Give d(-8).
15
Let a(z) = -z**3 + 7*z**2 - 6*z - 6. Calculate a(6).
-6
Let a(m) = 4*m**2 - 18*m + 70. Calculate a(4).
62
Let s(t) = -3*t**2 - 8*t - 1. Give s(-2).
3
Let f(v) = -3*v + 13. Give f(6).
-5
Let y(d) = d**3 - 3*d**2 - 5*d - 5. Determine y(-1).
-4
Let g(c) = 4*c - 40. Determine g(9).
-4
Let o(r) = -2*r + 9. What is o(8)?
-7
Let m(u) = 4*u - 7. Calculate m(3).
5
Let r(o) = -3*o**2 + 7*o - 1. Calculate r(5).
-41
Let q(j) = -j**3 - 3*j**2 + 2*j + 9. What is q(-6)?
105
Let y(v) = -v**3 - 15*v**2 + v - 3. Determine y(-15).
-18
Let f(h) = -h**2 + 3*h + 3. What is f(2)?
5
Let h(n) = 5*n**3 - 2*n**2 + 2*n - 4. Determine h(2).
32
Let x(j) = -j + 17. Determine x(13).
4
Let f(b) = -3*b**3 + 82*b**2 - 28*b + 26. What is f(27)?
-1
Let y(w) = w**3 - 50*w**2 + 97*w - 49. Calculate y(48).
-1
Let t(n) = 15*n + 461. What is t(-31)?
-4
Let j(b) = -b**3 + 15*b**2 - 44*b + 1. Determine j(11).
1
Let d(c) = c**2 - 13*c - 60. What is d(17)?
8
Let x(j) = -10*j - 4. Calculate x(1).
-14
Let h(z) = 4*z**2 - 28*z + 5. Calculate h(8).
37
Let g(w) = w + 3. Calculate g(-3).
0
Let y(i) = -i**3 - 7*i**2 - i + 17. Give y(-7).
24
Let u(v) = 4*v + 4. What is u(-12)?
-44
Let i(p) = p**3 + 5*p**2 + 4*p + 17. Determine i(-5).
-3
Let w(g) = -g**3 - g**2 - 1. What is w(0)?
-1
Let p(t) = t**2 - 10*t + 13. Give p(9).
4
Let g(z) = -2*z**2 - 18*z + 88. What is g(-12)?
16
Let t(o) = -6*o**2 - 3*o - 15. Give t(-3).
-60
Let p(n) = -n**3 - 34*n**2 + 36*n + 38. What is p(-35)?
3
Let c(a) = 6*a + 117. Calculate c(-17).
15
Let k(h) = -2*h - 5. Give k(-3).
1
Let l(c) = 7*c**2 - 11*c - 7. Give l(-2).
43
Let u(z) = 8*z - 23. Give u(1).
-15
Let q(a) = -8*a + 281. Give q(34).
9
Let p(l) = -2*l - 1. Determine p(-1).
1
Let b(t) = t**3 + 8*t**2 + 5*t - 43. Calculate b(-6).
-1
Let h(f) = -13*f**3 - f**2 - f + 1. Calculate h(1).
-14
Let h(f) = -f**3 + 21*f**2 + 28*f - 128. Determine h(22).
4
Let u(i) = i**3 + 10*i**2 + 8*i - 7. What is u(-9)?
2
Let k(d) = -d**2 + 4*d + 5. Give k(6).
-7
Let b(g) = 23*g + 668. Calculate b(-29).
1
Let j(y) = 31*y + 1. Give j(-1).
-30
Let g(z) = -3*z - 51. Give g(-17).
0
Let i(p) = 4*p**3 - 4*p**2 - 5*p - 2. Calculate i(-2).
-40
Let z(b) = b**2 - 3. Calculate z(5).
22
Let i(u) = -18*u - 28. What is i(-8)?
116
Let p(i) = i**2 - 2*i - 199. What is p(-13)?
-4
Let d(k) = k**3 - 6. What is d(0)?
-6
Let g(x) = 3*x - 19. Give g(3).
-10
Let j(p) = -p**3 + 5*p**2 + 8*p - 24. Calculate j(6).
-12
Let y(h) = h**3 - 24*h**2 - 9*h + 212. Calculate y(24).
-4
Let r(a) = -a**2 + a - 2. Give r(0).
-2
Let y(f) = f**2 + 9*f + 17. Calculate y(-8).
9
Let s(n) = -n + 13. Give s(0).
13
Let n(j) = -16*j**2 - 137*j + 65. Calculate n(-9).
2
Let f(s) = -s**2 + 3*s + 54. Determine f(9).
0
Let t(b) = b + 13. Calculate t(-4).
9
Let m(u) = -2*u**2 + 22*u - 102. Determine m(8).
-54
Let a(j) = j**3 + 7*j**2 + 2*j + 5. Give a(-7).
-9
Let b(g) = g**2 + 9*g + 4. Give b(-9).
4
Let b(l) = -l + 6. Determine b(8).
-2
Let r(l) = -l**3 + 12*l**2 - l + 13. Determine r(12).
1
Let b(o) = o**3 + 4*o**2 - 3*o + 1. What is b(-5)?
-9
Let c(z) = -z**3 + 12*z**2 - 18*z - 19. Calculate c(10).
1
Let q(w) = w - 3. Calculate q(0).
-3
Let r(d) = d**2 - 13*d + 2. What is r(9)?
-34
Let s(o) = -o + 17. What is s(17)?
0
Let s(d) = -20*d**3 + 3*d**2 + 5*d + 3. Give s(-1).
21
Let s(v) = -v**2 - 8*v + 13. Give s(-9).
4
Let o(t) = -2*t - 19. What is o(-14)?
9
Let g(u) = u**2 - 3*u - 7. Determine g(-3).
11
Let g(s) = 13*s - 31. Calculate g(6).
47
Let r(x) = -10*x**2 + 3*x + 2. Determine r(-1).
-11
Let w(f) = f**3 - 8*f**2 + 6*f + 4. What is w(5)?
-41
Let q(l) = l**3 + 5*l**2 - 2*l + 5. Calculate q(-6).
-19
Let u(o) = -51*o + 437. What is u(9)?
-22
Let i(a) = a**3 - 5*a**2 + 2*a. Give i(2).
-8
Let x(f) = -5*f - 5. Give x(-7).
30
Let z(f) = 2*f**2 - 22*f + 15. Calculate z(10).
-5
Let d(c) = 3*c**3 + 9*c**2 + 11*c + 13. What is d(-2)?
3
Let z(t) = t**3 - 6*t**2 + 2*t + 14. Calculate z(7).
77
Let b(y) = 3*y**2 + 2*y - 2. Give b(1).
3
Let b(t) = 33*t - 231. What is b(7)?
0
Let k(i) = -2*i + 2. Give k(5).
-8
Let s(x) = 4*x + 8. What is s(-8)?
-24
Let y(w) = w**2 - 9*w + 7. Determine y(0).
7
Let f(c) = c**2 - 2*c - 4. Calculate f(4).
4
Let j(w) = -2*